g(k) = 335*k - 15. Let c(y) = -335*y + 16. Let u(s) = -3*c(s) - 2*g(s). Is u(z) composite?
True
Let h be (3 + -5 + 1)/(3/(-1098)). Let f = -244 - h. Let k = 1569 + f. Is k a prime number?
False
Let w be 41/13 + 26/(-169). Suppose 15 = w*i - 2*o + 6, 4*o - 15 = -5*i. Suppose i*d - 605 = -2*m, 0*d + 812 = 4*d + 4*m. Is d a prime number?
True
Suppose 0*d - 5*d + 2884 = -3*c, 0 = 3*d + 5*c - 1710. Suppose -8*q + 38217 + d = 0. Is q composite?
True
Suppose 0 = -24*u + 3019932 - 1684888 + 2378668. Is u prime?
False
Let k(a) = 143*a + 3. Let z(u) = 2*u + 3 + 0 - 9*u + 151*u. Let t(w) = -2*k(w) + 3*z(w). Is t(8) prime?
True
Let a(n) = 21*n**2 + 10*n - 26. Let l(w) = 2*w**3 + 21*w**2 + 16*w + 51. Let k be l(-10). Is a(k) prime?
False
Let i(s) = 174*s**2 + 14*s - 347. Is i(9) a composite number?
False
Let p(u) be the first derivative of 12440*u**3/3 - 3*u**2 + 5*u + 29. Let j be p(1). Suppose -2*a = r - 4947, -2*r + j = -5*a + 2509. Is r a prime number?
False
Let h be (-4)/10 - (-644)/10. Suppose -3*r + 9 = 0, -61*q + h*q - 3*r = 996. Is q composite?
True
Suppose 5*u - 34423 + 11226 = -2*a, -a - 2*u + 11597 = 0. Is a a prime number?
False
Suppose 0 = -11*q + 3*q + 346664. Suppose -10*n + q = -4677. Is n a composite number?
False
Suppose -3*k = 2*g - 95935, 2*k - 63957 = -9*g + 8*g. Is k a composite number?
True
Suppose 391*n - a - 76343 = 390*n, 0 = 3*n - 5*a - 229037. Is n a prime number?
False
Let h = -2273027 - -3645198. Is h composite?
False
Suppose -3*p + 9 + 6 = 0. Let n(j) = 6*j + 30. Let f be n(p). Suppose 5*k - f - 175 = 0. Is k prime?
True
Suppose 6*d = 2*d - 2464. Let b = 357 + d. Is 3 - b*(-1 - -2) prime?
False
Let l(f) = 4*f**3 - 2*f**2 - 21*f - 84. Is l(25) prime?
False
Let b(i) = 23*i**2 - 33*i - 1. Suppose 9*r - 2 = 43. Is b(r) a composite number?
False
Suppose 5*b - b + 5*t - 16559 = 0, 0 = -3*t + 9. Suppose -5*s + 3*g = -28697 + b, 3*s - 14723 = -5*g. Is s a prime number?
False
Suppose -2*x = -2*h - 2*h - 6780, 5*h = 0. Let i = -275 + x. Suppose 4*r - i = -5*k - 0*k, -3*r - 4*k = -2335. Is r a composite number?
True
Let p be (-60)/(-75)*1/((-3)/8685). Let c = 887 - p. Is c prime?
True
Suppose 4*g - 2 = -l + 3, 5*g + 25 = 5*l. Let s(a) = 14*a**2 + 7*a - 3. Let j be s(l). Let m = j + -171. Is m composite?
False
Let m(f) = 3957*f - 436. Let h(t) = -792*t + 87. Let i(k) = 11*h(k) + 2*m(k). Is i(-8) composite?
False
Suppose 1051488 - 2491182 = -18*j + 2773260. Is j a prime number?
False
Let u(h) = -4066*h + 519. Is u(-25) a prime number?
False
Suppose 0 = 116*s + 48*s - 98985644. Is s a prime number?
False
Is (-18 + 3 + 4928036)/((-1 - -3)/2) a prime number?
False
Is 101 + -94 - (-1313768)/2 composite?
False
Let o be (-15)/(-35) + (-132952)/(-14). Suppose -3*v = -9, 5*i + 0*v + 4*v - o = 0. Suppose 5*h + l - 16934 = 0, -3*l = 5*h - i - 15035. Is h composite?
True
Suppose 4*l - 874325 = 3*i, 5*i + 218594 = 39*l - 38*l. Is l a prime number?
True
Let t(i) be the third derivative of 31*i**6/120 + i**5/15 - i**4/6 + i**3/3 - 6*i**2. Let s be t(5). Suppose -156 + s = 3*l. Is l composite?
True
Let n be (330/(-88))/((-1)/(-508)). Let d = -21 - n. Is (68/(-16))/((-3)/d) a prime number?
False
Suppose 104*r = 90*r - 23982. Let l = r + 5620. Is l a composite number?
False
Suppose 2*k - 494 = 626. Suppose -2*d + d + 221 = 0. Let z = k - d. Is z a prime number?
False
Let h be (-30)/12*(-72)/(-20). Let i(t) = -4*t**3 - 11*t**2 + 7*t + 11. Is i(h) a composite number?
False
Let y(r) be the second derivative of -r**4/12 + 5*r**3/3 - 7*r**2/2 + 12*r. Let c be y(9). Suppose -d + 5 = c*b, -2*b + 12 = 3*d - 15. Is d prime?
True
Let d(u) = -14*u**2 - 4*u - 4. Let k be d(12). Let s(f) = -24*f**3 + 12*f + 45. Let w be s(-5). Let j = k + w. Is j prime?
False
Let h be 8 + -5 + -111 - -2. Let s = 108 + h. Is (s/(-3))/(4 + 6254/(-1563)) a composite number?
False
Let q = 13207 + -28349. Let k = q + 37691. Is k prime?
True
Suppose -4*d = 2*a - 4142, -4*a + 3*d + 9017 = 777. Suppose 3*h + a = 6740. Is h a prime number?
True
Suppose -35 + 5 = -5*b. Let a(r) = 64*r**3 - 4*r**2 + b*r**2 - r + 1 - r. Is a(3) a composite number?
False
Let i = -416 - -423. Let f(x) = -177*x + 20. Let s(y) = 178*y - 19. Let n(t) = 5*f(t) + 6*s(t). Is n(i) prime?
False
Suppose 0 = 9*n - 518488 + 34504. Suppose -13*d = -n - 993. Is d a composite number?
True
Let a = 24 - 24. Suppose 4*o + 4*b = 2*b + 24, a = 3*o + 2*b - 17. Let t(v) = 18*v - 57. Is t(o) a prime number?
False
Let c(m) be the first derivative of -m**4/4 - 5*m**3/3 - m**2/2 - 38*m + 107. Is c(-9) a prime number?
False
Is 97133400/390 + (6/(-9) - (-26)/(-6)) a composite number?
True
Let i(c) = -4*c + 3*c - c**3 + 6*c**2 + 5*c - 20. Let j be i(8). Is ((-15)/(-6))/((-2)/j) prime?
False
Let k(i) be the first derivative of 3*i**3 + 21*i**2/2 + 9*i + 9. Is k(-20) a composite number?
True
Let d(n) = -336*n - 29. Let v be d(-33). Suppose 31595 = 2*a - v. Is a composite?
True
Let n = 641725 - 353240. Is n prime?
False
Suppose 5*f - 1512 = -4*j + 3*j, 3*j + 3*f = 4584. Is j*((-72)/32 + 3) composite?
True
Let p be (-45)/(-6)*16/24. Suppose -10 = p*q + 5*t, -3*t + 1 + 5 = -q. Is 3/(-9) + (-148)/q a prime number?
False
Let c(k) = -2580*k - 10123. Is c(-17) prime?
False
Let b = -62 + 49. Let d(j) = -2*j**2 - 26*j + 31. Is d(b) prime?
True
Let t(u) = 3*u**3 + 10*u**2 - 2*u - 10. Let z(f) = -16*f**3 - 51*f**2 + 10*f + 49. Let b(w) = 11*t(w) + 2*z(w). Let s be b(9). Let i = s + -794. Is i prime?
False
Let v(a) = 531*a + 1888. Is v(101) a prime number?
False
Let y be 957*230/15 + (-12)/(-3). Let o = -8781 + y. Is o composite?
False
Let h = 107337 - -21110. Is h prime?
False
Suppose 5*b = 115 + 110. Let v = b + -3. Let c = -29 + v. Is c prime?
True
Let x(w) = -w**3 - w**2 + 9*w - 5. Let t be x(-4). Let k(d) = 10*d**2 - 2 - t + 4 - 6 + 13*d - d**3. Is k(6) a composite number?
False
Suppose 0 = 3*x + x - 12. Suppose 0 = x*k + 65 - 83. Suppose u = k*u - 4835. Is u composite?
False
Let u = -9270555 + 13691566. Is u a composite number?
True
Let d(w) = 205*w + 66. Suppose 8*v = 114 - 26. Is d(v) a composite number?
True
Let o(c) be the third derivative of -12*c**2 + 0*c + 0 + 1/12*c**4 - 1/2*c**3 + 3/20*c**5. Is o(-6) prime?
False
Suppose 4*k + 0*k = 0. Let s = -1690 + 1695. Suppose -y = -s, k*m = -3*m + y + 1510. Is m a composite number?
True
Suppose 233 = 3*o + 230. Is (-26770)/(-10) + (2 - o - -3) prime?
False
Suppose 3*a = 5*h + 12, -20 = -3*a - 2*a + 3*h. Suppose -2*n = -a*q - 122, -q + 16 = -5*q. Let i = 216 - n. Is i prime?
True
Suppose 44 = -3*x - 40. Let f = 31 + x. Suppose -319 = 2*j - f*j + 3*w, w = 5*j - 1651. Is j a composite number?
False
Let a(f) = 13*f**2 + 186*f - 1463. Is a(86) prime?
True
Let s = 16 - 16. Suppose -a + 5*b + 36448 = 0, -5*a + 8*a - 3*b - 109380 = s. Suppose 5*k - 12*k + a = 0. Is k composite?
False
Suppose 0 = -633*w + 683*w - 5514550. Is w a prime number?
True
Let j(q) = q**3 - 16*q**2 - 21*q + 103. Let g be j(17). Suppose 4*n + 8806 = 2*m, -40*m + 21982 = -g*m + n. Is m a composite number?
False
Suppose 3*o = 11*o - 43024. Suppose 8*i - o - 5510 = 0. Is i composite?
False
Suppose h + 1160544 = -88*c + 92*c, -5*c = 3*h - 1450697. Is c a prime number?
True
Let h be (-7)/((29/(-58))/((-3)/(-2))). Is (-9978)/h*(-4 + -3) prime?
False
Let f be (-19625 - 1)*(-6)/12. Is f*(-5)/(-30)*2 composite?
False
Let w be 16 - ((-10)/(-6))/((-3)/(-9)). Let h(a) = a**2 - 10*a + 10. Is h(w) prime?
False
Let j(s) = s**3 - 8*s + 2. Let g be j(3). Suppose -7*r - 2*f = -3*r - 57126, -g*r - f = -71406. Is r a composite number?
False
Suppose 32 + 3 = 7*t. Suppose 5*b + o = -2*o + 58001, -3*b + t*o = -34787. Is b prime?
False
Suppose 0 = -4*x - 3*u - 5365, -12*x + 10*x = -3*u + 2705. Let c = 2183 + x. Is c a prime number?
False
Suppose -2695*p + 2691*p = -90044. Is p composite?
False
Suppose -j = 4*w - 9, -w - 4*j + 2*j - 3 = 0. Suppose -w + 7 = x. Let y(t) = 123*t - 1. Is y(x) prime?
True
Let g be 12/15*(-4 - (-36)/4). Suppose 3*u = g*p - 2*u - 8706, -3*p + 6535 = -u. Is p composite?
False
Let k be (-136 + (-1 - -3))/(2/(-13)). Suppose k = o - 3*h, -2*h + 1821 = 3*o - 748. Suppose p = -a + o, -2*a + 0*a = -p - 1727. Is a prime?
False
Let y be (139/(-3)*-3)/(-7 + 5 + 3). Suppose 5*j + 5*i - 40 = 0, -6*i + 27 = 3*j - 2*i. Suppose j*s = y + 816. I